87
List the prime factors of 136012679.
11, 12364789
What are the prime factors of 7605139685?
5, 11, 13, 173, 61483
What are the prime factors of 375483813?
3, 2099, 59629
List the prime factors of 47370123.
3, 691, 2539
List the prime factors of 667034028.
2, 3, 113, 6073
List the prime factors of 1841229387.
3, 17, 229, 5839
What are the prime factors of 464664362?
2, 113, 337, 6101
What are the prime factors of 3315930743?
53, 62564731
List the prime factors of 105258532.
2, 26314633
List the prime factors of 398056759.
398056759
List the prime factors of 23748436.
2, 107, 55487
List the prime factors of 462281519.
7, 41, 43, 47, 797
What are the prime factors of 60081070?
2, 5, 7, 858301
List the prime factors of 12429949.
7, 47, 37781
What are the prime factors of 38891988?
2, 3, 17, 23, 307
What are the prime factors of 42208768?
2, 7, 11777
What are the prime factors of 5592969878?
2, 4871, 574109
What are the prime factors of 11458796?
2, 193, 14843
List the prime factors of 1918763918.
2, 959381959
List the prime factors of 28045189.
17, 41, 40237
What are the prime factors of 89689508?
2, 22422377
What are the prime factors of 841858879?
841858879
List the prime factors of 293353397.
181, 757, 2141
List the prime factors of 2566018409.
431, 5953639
What are the prime factors of 130085663?
130085663
List the prime factors of 347715042.
2, 3, 17, 137, 149, 167
What are the prime factors of 7437890525?
5, 13, 22885817
What are the prime factors of 5606092493?
5606092493
List the prime factors of 119021454.
2, 3, 17, 317, 409
What are the prime factors of 110470575?
3, 5, 599, 2459
List the prime factors of 326647703.
326647703
List the prime factors of 4438642.
2, 13, 31, 5507
What are the prime factors of 175565761?
7, 89, 281807
What are the prime factors of 1035056409?
3, 463, 745181
List the prime factors of 2381690452.
2, 595422613
List the prime factors of 100432967.
100432967
What are the prime factors of 70974877?
83, 855119
What are the prime factors of 628461385?
5, 19, 1907, 3469
List the prime factors of 342886430.
2, 5, 17, 29, 157, 443
What are the prime factors of 4634474435?
5, 4273, 216919
List the prime factors of 116613087.
3, 59, 658831
What are the prime factors of 241708064?
2, 13, 581029
What are the prime factors of 768541846?
2, 347, 1107409
List the prime factors of 1438690985.
5, 10193, 28229
What are the prime factors of 802289441?
2683, 299027
What are the prime factors of 534301771?
29, 31, 594329
What are the prime factors of 26241397?
7, 13, 457, 631
What are the prime factors of 808349275?
5, 32333971
List the prime factors of 308562739.
308562739
What are the prime factors of 1581545281?
53, 797, 37441
List the prime factors of 16220870.
2, 5, 19, 59, 1447
List the prime factors of 462251920.
2, 5, 13, 444473
List the prime factors of 95272034.
2, 11, 13, 179, 1861
List the prime factors of 214993168.
2, 13, 59, 17519
What are the prime factors of 3126066?
2, 3, 137, 3803
What are the prime factors of 9766522?
2, 53, 199, 463
List the prime factors of 441274390.
2, 5, 41, 1076279
What are the prime factors of 130478872?
2, 37, 440807
What are the prime factors of 31482394?
2, 71, 221707
What are the prime factors of 4184031511?
11, 661, 575441
List the prime factors of 9057822414.
2, 3, 191, 7903859
List the prime factors of 4785073.
67, 71419
List the prime factors of 185785160.
2, 5, 11, 422239
What are the prime factors of 69792048?
2, 3, 211, 2297
What are the prime factors of 350101285?
5, 23, 3044359
List the prime factors of 2690309935.
5, 1663, 323549
List the prime factors of 24809574.
2, 3, 1231, 3359
What are the prime factors of 140240605?
5, 28048121
What are the prime factors of 1263501640?
2, 5, 5531, 5711
List the prime factors of 59695640.
2, 5, 47, 113, 281
What are the prime factors of 21088936?
2, 11, 19, 12613
What are the prime factors of 715796477?
11, 179, 363533
List the prime factors of 248224773.
3, 2543, 32537
What are the prime factors of 1091741040?
2, 3, 5, 13, 116639
What are the prime factors of 1090470601?
11, 31, 53, 60337
List the prime factors of 639150138.
2, 3, 11, 499, 6469
What are the prime factors of 142022536?
2, 17752817
List the prime factors of 187439986.
2, 9209, 10177
List the prime factors of 278827749.
3, 577, 53693
What are the prime factors of 115461118?
2, 57730559
List the prime factors of 814208588.
2, 203552147
What are the prime factors of 1569885092?
2, 631, 621983
What are the prime factors of 539639002?
2, 7, 127, 367, 827
List the prime factors of 767630324.
2, 19, 43, 234893
List the prime factors of 26268104.
2, 149, 22037
List the prime factors of 376597483.
43, 8758081
List the prime factors of 2014932253.
47, 109, 393311
What are the prime factors of 91807497?
3, 17, 47, 751
List the prime factors of 804050006.
2, 10993, 36571
What are the prime factors of 1688557147?
17, 1483, 66977
List the prime factors of 3243506077.
7, 2027, 228593
What are the prime factors of 1588169842?
2, 7, 149, 761347
What are the prime factors of 15484484?
2, 17, 61, 3733
What are the prime factors of 29550728?
2, 3693841
What are the prime factors of 91147943?
91147943
What are the prime factors of 28358320?
2, 5, 354479
List the prime factors of 58351193.
58351193
What are the prime factors of 143142859?
1229, 116471
List the prime factors of 62464269.
3, 7, 47, 9041
List the prime factors of 47853062.
2, 17, 37, 38039
What are the prime factors of 1914208279?
17, 107, 179, 5879
What are the prime factors of 407766448?
2, 19, 23, 29, 2011
List the prime factors of 42326272.
2, 101, 1637
What are the prime factors of 43593740?
2, 5, 23, 97, 977
List the prime factors of 85553547.
3, 3529, 8081
List the prime factors of 13463878.
2, 23, 292693
List the prime factors of 499379179.
13, 38413783
What are the prime factors of 215707322?
2, 17, 137, 46309
What are the prime factors of 1841892108?
2, 3, 7, 149, 147163
What are the prime factors of 49572073?
347, 373, 383
List the prime factors of 333196055.
5, 23, 2897357
List the prime factors of 784612569.
3, 13, 727, 27673
List the prime factors of 5471502188.
2, 1367875547
List the prime factors of 52730374.
2, 26365187
List the prime factors of 3378728263.
109, 4091, 7577
What are the prime factors of 110647391?
110647391
What are the prime factors of 56119329?
3, 7, 17, 61, 859
List the prime factors of 3335302588.
2, 23, 36253289
What are the prime factors of 1710991996?
2, 7, 17, 29, 17707
What are the prime factors of 41013767?
41013767
What are the prime factors of 48706928?
2, 3044183
List the prime factors of 16418377.
3697, 4441
List the prime factors of 1484272305.
3, 5, 19, 919, 1889
What are the prime factors of 14245380?
2, 3, 5, 29, 2729
List the prime factors of 1600463434.
2, 800231717
What are the prime factors of 2247851133?
3, 11, 811, 27997
What are the prime factors of 236763241?
11, 13, 150517
List the prime factors of 364700720.
2, 5, 113, 40343
List the prime factors of 705192312.
2, 3, 11, 2671183
List the prime factors of 3186015.
3, 5, 7, 19, 1597
List the prime factors of 1479122036.
2, 7, 7546541
What are the prime factors of 63974176?
2, 7, 285599
List the prime factors of 935711688.
2, 3, 17, 31, 167, 443
What are the prime factors of 35214082?
2, 409, 43049
What are the prime factors of 52038655?
5, 1549, 6719
What are the prime factors of 99555870?
2, 3, 5, 47, 70607
What are the prime factors of 306508884?
2, 3, 11, 113, 20549
What are the prime factors of 237760198?
2, 13, 17, 537919
List the prime factors of 703108.
2, 7, 25111
List the prime factors of 1286466431.
37, 89, 227, 1721
List the prime factors of 726183140.
2, 5, 23, 43, 36713
List the prime factors of 60297467.
23, 29, 90401
List the prime factors of 2100905190.
2, 3, 5, 41, 431, 1321
List the prime factors of 153592934.
2, 11, 6981497
List the prime factors of 757628040.
2, 3, 5, 13, 19, 25561
What are the prime factors of 201768302?
2, 181, 557371
What are the prime factors of 1872474?
2, 3, 521, 599
List the prime factors of 659616254.
2, 11, 101, 26987
List the prime factors of 666247154.
2, 773, 430949
List the prime factors of 3635416817.
61, 59596997
List the prime factors of 1841954286.
2, 3, 1553, 